{"id":1543,"date":"2020-04-12T00:04:21","date_gmt":"2020-04-11T23:04:21","guid":{"rendered":"https:\/\/www.sindikat-osoks90.si\/?page_id=1543"},"modified":"2023-02-01T08:09:53","modified_gmt":"2023-02-01T07:09:53","slug":"vclani-se","status":"publish","type":"page","link":"https:\/\/www.sindikat-osoks90.si\/?page_id=1543","title":{"rendered":"V\u010dlani se"},"content":{"rendered":"\n<h5 class=\"wp-block-heading\">Zakaj postati \u010dlan Obalne sindikalne organizacije \u2013 KS 90?<\/h5>\n\n\n\n<p>\u010clani sindikata pomembno vplivajo na delovnopravno zakonodajo in na sklepanje kolektivnih pogodb. Na ta na\u010din vplivajo na pogoje dela in pla\u010dilo za delo. Imajo pravico do brezpla\u010dnega svetovanja in zastopanja v delovno\u2013pravnih sporih pred sodi\u0161\u010di.<\/p>\n\n\n\n<h5 class=\"wp-block-heading\">Kdo lahko postane \u010dlan?<\/h5>\n\n\n\n<p>\u010clan lahko postane vsak delavec, ki je sklenil delovno razmerje za dolo\u010den ali nedolo\u010den \u010das, s polnim ali skraj\u0161anim delovnim \u010dasom, nezaposlena oseba, upokojenec in tudi \u010dlan, ki je vklju\u010den v drug sindikat. \u010clanstvo v sindikatu je prostovoljno.<\/p>\n\n\n\n<p>\u010ce je pri delodajalcu \u017ee organiziran sindikat Obalne sindikalne organizacije \u2013 KS 90, lahko pristopno izjavo posredujete sindikalnemu zaupniku.<\/p>\n\n\n\n<p>Zainteresirane osebe, ki niso \u010dlani Obalne sindikalne organizacije \u2013 KS 90, lahko pridobijo pravico do pravnega svetovanja in zastopanja le pod pogojem, da se v\u010dlanijo.<\/p>\n\n\n\n<h5 class=\"wp-block-heading\">Za v\u010dlanitev:<\/h5>\n\n\n\n<p>Prenesite pristopno izjavo. Izpolnjeno in podpisano pristopno izjavo po\u0161ljite na naslov:<\/p>\n\n\n\n<h5 class=\"wp-block-heading\">Obalna sindikalna organizacija \u2013 KS 90<br>Trg Brolo 2<br>6000 Koper<\/h5>\n\n\n\n<h5 class=\"wp-block-heading\">+386(0)5 612 40 00<\/h5>\n\n\n\n<h5 class=\"wp-block-heading\">INFO@sindikat-osoks90.si<\/h5>\n\n\n\n<div class=\"wp-block-buttons is-layout-flex wp-block-buttons-is-layout-flex\">\n<div class=\"wp-block-button has-custom-font-size is-style-fill has-small-font-size\"><a class=\"wp-block-button__link has-black-color has-light-green-cyan-background-color has-text-color has-background wp-element-button\" href=\"https:\/\/www.sindikat-osoks90.si\/wp-content\/uploads\/2023\/01\/Pristopna-izjava-OSO-KS-90.pdf\" target=\"_blank\" rel=\"noreferrer noopener\">Pristopna izjava &#8211; Prenos<\/a><\/div>\n<\/div>\n\n\n\n<hr class=\"wp-block-separator has-css-opacity\"\/>\n\n\n\n<div class=\"wpcf7 no-js\" id=\"wpcf7-f1493-o1\" lang=\"sl-SI\" dir=\"ltr\" data-wpcf7-id=\"1493\">\n<div class=\"screen-reader-response\"><p role=\"status\" aria-live=\"polite\" aria-atomic=\"true\"><\/p> <ul><\/ul><\/div>\n<form action=\"\/index.php?rest_route=%2Fwp%2Fv2%2Fpages%2F1543#wpcf7-f1493-o1\" method=\"post\" class=\"wpcf7-form init\" aria-label=\"Kontaktni obrazec\" novalidate=\"novalidate\" data-status=\"init\">\n<fieldset class=\"hidden-fields-container\"><input type=\"hidden\" name=\"_wpcf7\" value=\"1493\" \/><input type=\"hidden\" name=\"_wpcf7_version\" value=\"6.1.5\" \/><input type=\"hidden\" name=\"_wpcf7_locale\" value=\"sl_SI\" \/><input type=\"hidden\" name=\"_wpcf7_unit_tag\" value=\"wpcf7-f1493-o1\" \/><input type=\"hidden\" name=\"_wpcf7_container_post\" value=\"0\" \/><input type=\"hidden\" name=\"_wpcf7_posted_data_hash\" value=\"\" \/><input type=\"hidden\" name=\"_wpcf7_recaptcha_response\" value=\"\" \/>\n<\/fieldset>\n<p><label> Va\u0161e ime in priimek: (zahtevano)<br \/>\n<span class=\"wpcf7-form-control-wrap\" data-name=\"your-name\"><input size=\"40\" maxlength=\"400\" class=\"wpcf7-form-control wpcf7-text wpcf7-validates-as-required\" aria-required=\"true\" aria-invalid=\"false\" value=\"\" type=\"text\" name=\"your-name\" \/><\/span> <\/label>\n<\/p>\n<p><label> Va\u0161 e-mail naslov: (zahtevano)<br \/>\n<span class=\"wpcf7-form-control-wrap\" data-name=\"your-email\"><input size=\"40\" maxlength=\"400\" class=\"wpcf7-form-control wpcf7-email wpcf7-validates-as-required wpcf7-text wpcf7-validates-as-email\" aria-required=\"true\" aria-invalid=\"false\" value=\"\" type=\"email\" name=\"your-email\" \/><\/span> <\/label>\n<\/p>\n<p><label> Zadeva:<br \/>\n<span class=\"wpcf7-form-control-wrap\" data-name=\"your-subject\"><input size=\"40\" maxlength=\"400\" class=\"wpcf7-form-control wpcf7-text\" aria-invalid=\"false\" value=\"\" type=\"text\" name=\"your-subject\" \/><\/span> <\/label>\n<\/p>\n<p><label> Va\u0161e sporo\u010dilo<br \/>\n<span class=\"wpcf7-form-control-wrap\" data-name=\"your-message\"><textarea cols=\"40\" rows=\"10\" maxlength=\"2000\" class=\"wpcf7-form-control wpcf7-textarea\" aria-invalid=\"false\" name=\"your-message\"><\/textarea><\/span> <\/label>\n<\/p>\n<p><input class=\"wpcf7-form-control wpcf7-submit has-spinner\" type=\"submit\" value=\"Po\u0161lji\" \/>\n<\/p><div class=\"wpcf7-response-output\" aria-hidden=\"true\"><\/div>\n<\/form>\n<\/div>\n\n","protected":false},"excerpt":{"rendered":"<p>Zakaj postati \u010dlan Obalne sindikalne organizacije \u2013 KS 90? \u010clani sindikata pomembno vplivajo na delovnopravno zakonodajo in na sklepanje kolektivnih pogodb. Na ta na\u010din vplivajo na pogoje dela in pla\u010dilo &#8230;<\/p>\n","protected":false},"author":1,"featured_media":0,"parent":0,"menu_order":0,"comment_status":"closed","ping_status":"closed","template":"","meta":{"ngg_post_thumbnail":0,"footnotes":""},"class_list":["post-1543","page","type-page","status-publish","hentry"],"_links":{"self":[{"href":"https:\/\/www.sindikat-osoks90.si\/index.php?rest_route=\/wp\/v2\/pages\/1543","targetHints":{"allow":["GET"]}}],"collection":[{"href":"https:\/\/www.sindikat-osoks90.si\/index.php?rest_route=\/wp\/v2\/pages"}],"about":[{"href":"https:\/\/www.sindikat-osoks90.si\/index.php?rest_route=\/wp\/v2\/types\/page"}],"author":[{"embeddable":true,"href":"https:\/\/www.sindikat-osoks90.si\/index.php?rest_route=\/wp\/v2\/users\/1"}],"replies":[{"embeddable":true,"href":"https:\/\/www.sindikat-osoks90.si\/index.php?rest_route=%2Fwp%2Fv2%2Fcomments&post=1543"}],"version-history":[{"count":22,"href":"https:\/\/www.sindikat-osoks90.si\/index.php?rest_route=\/wp\/v2\/pages\/1543\/revisions"}],"predecessor-version":[{"id":2554,"href":"https:\/\/www.sindikat-osoks90.si\/index.php?rest_route=\/wp\/v2\/pages\/1543\/revisions\/2554"}],"wp:attachment":[{"href":"https:\/\/www.sindikat-osoks90.si\/index.php?rest_route=%2Fwp%2Fv2%2Fmedia&parent=1543"}],"curies":[{"name":"wp","href":"https:\/\/api.w.org\/{rel}","templated":true}]}}