{"id":1562,"date":"2020-04-12T12:44:57","date_gmt":"2020-04-12T11:44:57","guid":{"rendered":"https:\/\/www.sindikat-osoks90.si\/?page_id=1562"},"modified":"2023-07-25T11:34:33","modified_gmt":"2023-07-25T09:34:33","slug":"o-nas","status":"publish","type":"page","link":"https:\/\/www.sindikat-osoks90.si\/?page_id=1562","title":{"rendered":"O nas"},"content":{"rendered":"\n<h2 class=\"wp-block-heading\" id=\"obalna-sindikalna-organizacija-ks-90\">Obalna sindikalna organizacija &#8211; KS 90<\/h2>\n\n\n\n<p>Obalna sindikalna organizacija &#8211; KS 90 (OSO &#8211; KS 90) je bila ustanovljena 3. aprila 1990 in je samostojna, nestrankarska, demokrati\u010dna in interesna organizacija, ki jo sestavljajo \u010dlani sindikata, organizirani v sindikatih podjetij, zavodov, v sindikatih dejavnosti, v poklicnih sindikatih in drugih organizacijskih oblikah, ki se lahko povezujejo v sindikate dejavnosti KS 90 Slovenije. Obalna sindikalna organizacija &#8211; KS 90 je soustanoviteljica in \u010dlanica KS 90 Slovenije ter pomemben del slovenskega sindikalnega gibanja.<\/p>\n\n\n\n<p>V Obalno sindikalno organizacijo &#8211; KS 90 so v\u010dlanjeni sindikati tako javnega kot tudi realnega sektorja, katerih predsedniki sestavljajo Svet Obalne sindikalne organizacije &#8211; KS 90, ki je skupen organ odlo\u010danja. Organi Obalne sindikalne organizacije &#8211; KS 90 so \u0161e Kongres, Generalni sekretar, Nadzorni odbor.<br>V svojem programu dela je Obalna sindikalna organizacija &#8211; KS 90 usmerjena k splo\u0161nim sindikalnim ciljem, ki jih uresni\u010dujejo vsi njeni \u010dlani, ne glede na dejavnost, v katero so povezani.<\/p>\n\n\n\n<p>Obalna sindikalna organizacija &#8211; KS 90 je organizirana tako, da deluje neodvisno od dr\u017eavnih organov, delodajalcev, politi\u010dnih strank, zdru\u017eenj in drugih organizacij.<\/p>\n\n\n\n<p><\/p>\n\n\n\n<p class=\"has-medium-font-size\"><strong>\u010clani OSO &#8211; KS 90 skupno delujejo z namenom:<\/strong><br><\/p>\n\n\n\n<ul class=\"wp-block-list\">\n<li><strong>izbolj\u0161anja ekonomskega in socialnega polo\u017eaja \u010dlanstva v skladu z mednarodnimi konvencijami in Ustavo Republike Slovenije (RS)<\/strong><\/li>\n\n\n\n<li><strong>varstva in za\u0161\u010dite svojih pravic in interesov z vsemi oblikami aktivnosti, vklju\u010dno s stavko<\/strong><\/li>\n\n\n\n<li><strong>u\u010dinkovitej\u0161ega doseganja zastavljenih ciljev s skupnimi strokovnimi interesnimi, pravnimi in upravnimi slu\u017ebami\/sektorji<\/strong><\/li>\n\n\n\n<li><strong>uveljavljanja pravice do soodlo\u010danja o temeljnih ekonomskih in socialnih vpra\u0161anjih<\/strong><\/li>\n\n\n\n<li><strong>zavzemanja za razvijanje solidarnosti v dru\u017ebi, socialnega partnerstva in socialnega dialoga na vseh ravneh<\/strong><\/li>\n\n\n\n<li><strong>podpiranja vsestranskega razvoja in demokratizacijo gospodarstva, dr\u017eave in dru\u017ebe, kjer mora biti delavec na prvem mestu<\/strong><\/li>\n\n\n\n<li><strong>strokovnega izobra\u017eevanja in usposabljanja<\/strong><\/li>\n\n\n\n<li><strong>zavzemanja za uresni\u010devanje enakopravnosti \u017eensk in mo\u0161kih na vseh podro\u010djih<\/strong><\/li>\n\n\n\n<li><strong>sodelovanja z drugimi sindikati<\/strong><\/li>\n\n\n\n<li><strong>drugih skupnih interesov, opredeljenih v letnih programih in kongresnih smernicah<\/strong><\/li>\n<\/ul>\n\n\n\n<figure class=\"wp-block-pullquote\"><blockquote><p><strong>Mati\u010dna \u0161tevilka: 5146348000<br>Dav\u010dna \u0161tevilka: 41378156<br>e-po\u0161ta: info@sindikat-osoks90.si<br>tel.: 05 \/ 612 40 00<br>Trg Brolo 2, 6000 Koper<\/strong><\/p><\/blockquote><\/figure>\n\n\n\n<div class=\"wp-block-columns is-layout-flex wp-container-core-columns-is-layout-9d6595d7 wp-block-columns-is-layout-flex\">\n<div class=\"wp-block-column is-layout-flow wp-block-column-is-layout-flow\">\n<h3 class=\"wp-block-heading\" id=\"damjan-volf-generalni-sekretar\"><strong>Damjan VOLF, generalni sekretar<\/strong><\/h3>\n\n\n\n<p style=\"font-size:14px\">damjan.volf@sindikat-osoks90.si<\/p>\n\n\n\n<p style=\"font-size:14px\">tel.: 05\/612-40-12 | gsm: 041-615-765 <\/p>\n<\/div>\n\n\n\n<div class=\"wp-block-column is-layout-flow wp-block-column-is-layout-flow\">\n<h3 class=\"wp-block-heading\" id=\"ana-jakopic-izvrsna-sekretarka-1\"><strong><strong>Ana JAKOPI\u010c<\/strong>, izvr\u0161na sekretarka<\/strong><\/h3>\n\n\n\n<p style=\"font-size:14px\">ana.jakopic@sindikat-osoks90.si<\/p>\n\n\n\n<p style=\"font-size:14px\">gsm: 069-980-890<\/p>\n<\/div>\n\n\n\n<div class=\"wp-block-column is-layout-flow wp-block-column-is-layout-flow\">\n<h3 class=\"wp-block-heading\" id=\"mitja-vukovic-pravnik\"><strong>Mitja VUKOVI\u0106, pravnik<\/strong>        <\/h3>\n\n\n\n<div style=\"height:20px\" aria-hidden=\"true\" class=\"wp-block-spacer\"><\/div>\n\n\n\n<p style=\"font-size:14px\">mitja.vukovic@sindikat-osoks90.si<\/p>\n\n\n\n<p style=\"font-size:14px\">tel. : 05\/612-40-15 | gsm: 040-806-533<\/p>\n\n\n\n<div style=\"height:10px\" aria-hidden=\"true\" class=\"wp-block-spacer\"><\/div>\n<\/div>\n<\/div>\n\n\n\n<div class=\"wp-block-columns is-layout-flex wp-container-core-columns-is-layout-9d6595d7 wp-block-columns-is-layout-flex\">\n<div class=\"wp-block-column is-layout-flow wp-block-column-is-layout-flow\"><\/div>\n\n\n\n<div class=\"wp-block-column is-layout-flow wp-block-column-is-layout-flow\">\n<h3 class=\"wp-block-heading\"><\/h3>\n\n\n\n<p style=\"font-size:14px\"><\/p>\n\n\n\n<p>  <\/p>\n\n\n\n<p><\/p>\n<\/div>\n\n\n\n<div class=\"wp-block-column is-layout-flow wp-block-column-is-layout-flow\"><\/div>\n<\/div>\n\n\n\n<p><\/p>\n","protected":false},"excerpt":{"rendered":"<p>Obalna sindikalna organizacija &#8211; KS 90 Obalna sindikalna organizacija &#8211; KS 90 (OSO &#8211; KS 90) je bila ustanovljena 3. aprila 1990 in je samostojna, nestrankarska, demokrati\u010dna in interesna organizacija, &#8230;<\/p>\n","protected":false},"author":1,"featured_media":0,"parent":0,"menu_order":0,"comment_status":"closed","ping_status":"closed","template":"","meta":{"ngg_post_thumbnail":0,"footnotes":""},"class_list":["post-1562","page","type-page","status-publish","hentry"],"_links":{"self":[{"href":"https:\/\/www.sindikat-osoks90.si\/index.php?rest_route=\/wp\/v2\/pages\/1562","targetHints":{"allow":["GET"]}}],"collection":[{"href":"https:\/\/www.sindikat-osoks90.si\/index.php?rest_route=\/wp\/v2\/pages"}],"about":[{"href":"https:\/\/www.sindikat-osoks90.si\/index.php?rest_route=\/wp\/v2\/types\/page"}],"author":[{"embeddable":true,"href":"https:\/\/www.sindikat-osoks90.si\/index.php?rest_route=\/wp\/v2\/users\/1"}],"replies":[{"embeddable":true,"href":"https:\/\/www.sindikat-osoks90.si\/index.php?rest_route=%2Fwp%2Fv2%2Fcomments&post=1562"}],"version-history":[{"count":42,"href":"https:\/\/www.sindikat-osoks90.si\/index.php?rest_route=\/wp\/v2\/pages\/1562\/revisions"}],"predecessor-version":[{"id":2652,"href":"https:\/\/www.sindikat-osoks90.si\/index.php?rest_route=\/wp\/v2\/pages\/1562\/revisions\/2652"}],"wp:attachment":[{"href":"https:\/\/www.sindikat-osoks90.si\/index.php?rest_route=%2Fwp%2Fv2%2Fmedia&parent=1562"}],"curies":[{"name":"wp","href":"https:\/\/api.w.org\/{rel}","templated":true}]}}

<h2 class="wp-block-heading" id="obalna-sindikalna-organizacija-ks-90">Obalna sindikalna organizacija &#8211; KS 90</h2>



<p>Obalna sindikalna organizacija &#8211; KS 90 (OSO &#8211; KS 90) je bila ustanovljena 3. aprila 1990 in je samostojna, nestrankarska, demokratična in interesna organizacija, ki jo sestavljajo člani sindikata, organizirani v sindikatih podjetij, zavodov, v sindikatih dejavnosti, v poklicnih sindikatih in drugih organizacijskih oblikah, ki se lahko povezujejo v sindikate dejavnosti KS 90 Slovenije. Obalna sindikalna organizacija &#8211; KS 90 je soustanoviteljica in članica KS 90 Slovenije ter pomemben del slovenskega sindikalnega gibanja.</p>



<p>V Obalno sindikalno organizacijo &#8211; KS 90 so včlanjeni sindikati tako javnega kot tudi realnega sektorja, katerih predsedniki sestavljajo Svet Obalne sindikalne organizacije &#8211; KS 90, ki je skupen organ odločanja. Organi Obalne sindikalne organizacije &#8211; KS 90 so še Kongres, Generalni sekretar, Nadzorni odbor.<br>V svojem programu dela je Obalna sindikalna organizacija &#8211; KS 90 usmerjena k splošnim sindikalnim ciljem, ki jih uresničujejo vsi njeni člani, ne glede na dejavnost, v katero so povezani.</p>



<p>Obalna sindikalna organizacija &#8211; KS 90 je organizirana tako, da deluje neodvisno od državnih organov, delodajalcev, političnih strank, združenj in drugih organizacij.</p>



<p></p>



<p class="has-medium-font-size"><strong>Člani OSO &#8211; KS 90 skupno delujejo z namenom:</strong><br></p>



<ul class="wp-block-list">
<li><strong>izboljšanja ekonomskega in socialnega položaja članstva v skladu z mednarodnimi konvencijami in Ustavo Republike Slovenije (RS)</strong></li>



<li><strong>varstva in zaščite svojih pravic in interesov z vsemi oblikami aktivnosti, vključno s stavko</strong></li>



<li><strong>učinkovitejšega doseganja zastavljenih ciljev s skupnimi strokovnimi interesnimi, pravnimi in upravnimi službami/sektorji</strong></li>



<li><strong>uveljavljanja pravice do soodločanja o temeljnih ekonomskih in socialnih vprašanjih</strong></li>



<li><strong>zavzemanja za razvijanje solidarnosti v družbi, socialnega partnerstva in socialnega dialoga na vseh ravneh</strong></li>



<li><strong>podpiranja vsestranskega razvoja in demokratizacijo gospodarstva, države in družbe, kjer mora biti delavec na prvem mestu</strong></li>



<li><strong>strokovnega izobraževanja in usposabljanja</strong></li>



<li><strong>zavzemanja za uresničevanje enakopravnosti žensk in moških na vseh področjih</strong></li>



<li><strong>sodelovanja z drugimi sindikati</strong></li>



<li><strong>drugih skupnih interesov, opredeljenih v letnih programih in kongresnih smernicah</strong></li>
</ul>



<figure class="wp-block-pullquote"><blockquote><p><strong>Matična številka: 5146348000<br>Davčna številka: 41378156<br>e-pošta: info@sindikat-osoks90.si<br>tel.: 05 / 612 40 00<br>Trg Brolo 2, 6000 Koper</strong></p></blockquote></figure>



<div class="wp-block-columns is-layout-flex wp-container-core-columns-is-layout-9d6595d7 wp-block-columns-is-layout-flex">
<div class="wp-block-column is-layout-flow wp-block-column-is-layout-flow">
<h3 class="wp-block-heading" id="damjan-volf-generalni-sekretar"><strong>Damjan VOLF, generalni sekretar</strong></h3>



<p style="font-size:14px">damjan.volf@sindikat-osoks90.si</p>



<p style="font-size:14px">tel.: 05/612-40-12 | gsm: 041-615-765 </p>
</div>



<div class="wp-block-column is-layout-flow wp-block-column-is-layout-flow">
<h3 class="wp-block-heading" id="ana-jakopic-izvrsna-sekretarka-1"><strong><strong>Ana JAKOPIČ</strong>, izvršna sekretarka</strong></h3>



<p style="font-size:14px">ana.jakopic@sindikat-osoks90.si</p>



<p style="font-size:14px">gsm: 069-980-890</p>
</div>



<div class="wp-block-column is-layout-flow wp-block-column-is-layout-flow">
<h3 class="wp-block-heading" id="mitja-vukovic-pravnik"><strong>Mitja VUKOVIĆ, pravnik</strong>        </h3>



<div style="height:20px" aria-hidden="true" class="wp-block-spacer"></div>



<p style="font-size:14px">mitja.vukovic@sindikat-osoks90.si</p>



<p style="font-size:14px">tel. : 05/612-40-15 | gsm: 040-806-533</p>



<div style="height:10px" aria-hidden="true" class="wp-block-spacer"></div>
</div>
</div>



<div class="wp-block-columns is-layout-flex wp-container-core-columns-is-layout-9d6595d7 wp-block-columns-is-layout-flex">
<div class="wp-block-column is-layout-flow wp-block-column-is-layout-flow"></div>



<div class="wp-block-column is-layout-flow wp-block-column-is-layout-flow">
<h3 class="wp-block-heading"></h3>



<p style="font-size:14px"></p>



<p>  </p>



<p></p>
</div>



<div class="wp-block-column is-layout-flow wp-block-column-is-layout-flow"></div>
</div>



<p></p>

<p>Obalna sindikalna organizacija &#8211; KS 90 Obalna sindikalna organizacija &#8211; KS 90 (OSO &#8211; KS 90) je bila ustanovljena 3. aprila 1990 in je samostojna, nestrankarska, demokratična in interesna organizacija, &#8230;</p>
