{"id":17,"date":"2016-02-12T08:09:36","date_gmt":"2016-02-12T07:09:36","guid":{"rendered":"http:\/\/demos.famethemes.com\/onepress\/?page_id=17"},"modified":"2023-07-25T09:54:16","modified_gmt":"2023-07-25T07:54:16","slug":"kaj-je-sindikat","status":"publish","type":"page","link":"https:\/\/www.sindikat-osoks90.si\/?page_id=17","title":{"rendered":"Kaj je sindikat?"},"content":{"rendered":"\n<div class=\"wp-block-group\"><div class=\"wp-block-group__inner-container is-layout-flow wp-block-group-is-layout-flow\">\n<h2 class=\"aux-modern-heading-primary\"><span style=\"color: #777777; font-family: 'Open Sans', Helvetica, Arial, sans-serif; font-size: 0.875rem;\">Sindikat je mno\u017ei\u010dna organizacija zaposlenih, katerih cilj je za\u0161\u010dita zaposlenih. Sindikati svoje cilje dosegajo s pomo\u010djo kolektivnega pogajanja (katerega rezultat je kolektivna pogodba) ter z uradno (napovedano) ali neuradno (divjo) stavko (vir: Wikipedija, 2015).<\/span><\/h2>\n<div class=\"aux-modern-heading-description\">\n<div dir=\"ltr\">\n<div>Glavna vloga sindikatov je varovanje in izbolj\u0161anje delavskih pravic. Skozi zgodovinski razvoj se je spreminjala in do dana\u0161njih pravic so se delavci le s te\u017eavo prebili. \u017delja kapitalistov po \u010dim ve\u010djem dobi\u010dku na ra\u010dun delavcev je povzro\u010dila, da so se delavci za\u010deli zdru\u017eevali v sindikate.<\/div>\n<\/div>\n<\/div>\n<div>\u00a0<\/div>\n<div class=\"aux-modern-heading-description\">\n<div dir=\"ltr\">\n<p><strong>VLOGA SINDIKATOV DANES<\/strong><\/p>\n<p>V Sloveniji imamo tripartitni sistem dogovarjanja. V pogajanja so vklju\u010deni dr\u017eava, delodajalci in sindikati. Obi\u010dajno je, da predstavnik dr\u017eave prevzame vlogo mediatorja, ki posku\u0161a najti srednjo pot, ki bi bila spremenljiva za obe strani.<\/p>\n<div><b>OBALNA SINDIKALNA ORGANIZACIJA &#8211; KS 90<\/b><\/div>\n<div dir=\"ltr\">\u00a0<\/div>\n<div dir=\"ltr\">Smo demokrati\u010dna, samostojna in interesna organizacija, ki jo sestavljajo \u010dlani sindikata, organizirani v sindikatih podjetij in zavodov, poklicnih sindikatih in sindikatih dejavnosti.<\/div>\n<p>Delujemo neodvisno od dr\u017eavnih organov, delodajalcev, politi\u010dnih strank, zdru\u017eenj in drugih organizacij.<\/p>\n<p><b>8 BISTVENIH CILJEV:<\/b><\/p>\n<ol>\n<li>Po\u0161teno pla\u010dilo za opravljeno delo.<\/li>\n<li>Izbolj\u0161anje delovnih pogojev.<\/li>\n<li>Ureditev podro\u010dja normativov po dejavnostih.<\/li>\n<li>Ve\u010d pravic iz dela.<\/li>\n<li>Razbremenitev dav\u010dne obremenjenosti pla\u010de.<\/li>\n<li>Pravna ureditev zakonskih vrzeli.<\/li>\n<li>Zagotovitev izvajanja predpisov iz varstva pri delu.<\/li>\n<li>Vzpostavitev zglednih medsebojnih odnosov v dru\u017ebi in \u0161ir\u0161em okolju.<\/li>\n<\/ol>\n<div>\u00a0<\/div>\n<p><b>NA\u0160IM \u010cLANOM ZAGOTAVLJAMO:<\/b><\/p>\n<ul>\n<li>sindikalno za\u0161\u010dito na individualni in kolektivni ravni<\/li>\n<li>profesionalno in pravno pomo\u010d, ki vklju\u010duje svetovanje in zastopanje, profesionalno pravno za\u0161\u010dito delavskih in socialnih pravic ter pravno svetovanje iz podro\u010dja delovnega in socialnega prava<\/li>\n<li>uveljavljanje pravic s podro\u010dja varstva in zdravja pri delu<\/li>\n<li>vplivanje na ureditev delovnopravne zakonodaje v dr\u017eavi<\/li>\n<li>teko\u010de obve\u0161\u010danje o sindikalnih pravicah<\/li>\n<li>sodelovanje pri izbolj\u0161anju medsebojnih odnosov med zaposlenimi<\/li>\n<li>dru\u017eenje s sodelavci na dru\u017eabnih sre\u010danjih<\/li>\n<li>solidarnostno pomo\u010d v izrednih primerih<\/li>\n<\/ul>\n<p><b>Pomembno se je zavedati,<\/b> da smo lahko le sindikalno povezani kos kapitalsko usmerjenemu delodajalcu.<\/p>\n<p>Dostojanstvo in delavske pravice lahko ohranimo le s skupnimi mo\u010dmi, zato vas vabimo, da se nam pridru\u017eite.<\/p>\n<\/div>\n<\/div>\n<\/div><\/div>\n","protected":false},"excerpt":{"rendered":"<p>Nullam ut tempor eros. Donec faucibus, velit et imperdiet aliquam, lacus velit luctus urna, vitae porttitor orci libero id felis.<\/p>\n","protected":false},"author":1,"featured_media":0,"parent":0,"menu_order":0,"comment_status":"closed","ping_status":"closed","template":"","meta":{"ngg_post_thumbnail":0,"footnotes":""},"class_list":["post-17","page","type-page","status-publish","hentry"],"_links":{"self":[{"href":"https:\/\/www.sindikat-osoks90.si\/index.php?rest_route=\/wp\/v2\/pages\/17","targetHints":{"allow":["GET"]}}],"collection":[{"href":"https:\/\/www.sindikat-osoks90.si\/index.php?rest_route=\/wp\/v2\/pages"}],"about":[{"href":"https:\/\/www.sindikat-osoks90.si\/index.php?rest_route=\/wp\/v2\/types\/page"}],"author":[{"embeddable":true,"href":"https:\/\/www.sindikat-osoks90.si\/index.php?rest_route=\/wp\/v2\/users\/1"}],"replies":[{"embeddable":true,"href":"https:\/\/www.sindikat-osoks90.si\/index.php?rest_route=%2Fwp%2Fv2%2Fcomments&post=17"}],"version-history":[{"count":10,"href":"https:\/\/www.sindikat-osoks90.si\/index.php?rest_route=\/wp\/v2\/pages\/17\/revisions"}],"predecessor-version":[{"id":2650,"href":"https:\/\/www.sindikat-osoks90.si\/index.php?rest_route=\/wp\/v2\/pages\/17\/revisions\/2650"}],"wp:attachment":[{"href":"https:\/\/www.sindikat-osoks90.si\/index.php?rest_route=%2Fwp%2Fv2%2Fmedia&parent=17"}],"curies":[{"name":"wp","href":"https:\/\/api.w.org\/{rel}","templated":true}]}}