{"id":2331,"date":"2022-05-31T10:19:20","date_gmt":"2022-05-31T08:19:20","guid":{"rendered":"https:\/\/www.sindikat-osoks90.si\/?page_id=2331"},"modified":"2022-11-17T15:32:47","modified_gmt":"2022-11-17T14:32:47","slug":"prirocniki","status":"publish","type":"page","link":"https:\/\/www.sindikat-osoks90.si\/?page_id=2331","title":{"rendered":"Priro\u010dniki"},"content":{"rendered":"\n<p><strong>PRIRO\u010cNIK DELOVNOPRAVNA ZAKONODAJA SOCIALNEGA DIALOGA IN KOLEKTIVNA DOGOVARJANJA<\/strong><\/p>\n\n\n<p>Priro\u010dnik &#8220;Delovnopravna zakonodaja socialnega dialoga in kolektivna dogovarjanja&#8221; je vodilni partner Konfederacija sindikatov 90 Slovenije pripravil v okviru projekta Socialni partner za socialni dialog III \u2013 Fleksibilen di@log, ki ga sofinancirata Republika Slovenija in Evropska unija iz Evropskega socialnega sklada.<\/p>\n<p>V priro\u010dniku so podrobneje predstavljene zakonsko priznane pravice delavcev na podro\u010dju:<br>&#8211; pla\u010d in dodatkov k pla\u010di<br>&#8211; delovnega \u010dasa in odsotnosti z dela<br>&#8211; varovanja posebnih kategorij delavcev<br>&#8211; upokojevanja delavcev<br>&#8211; nezgode pri delu.<\/p>\n<p>Dostopen je v prilo\u017eeni datoteki:<\/p>\n\n\n<div class=\"wp-block-file\"><a id=\"wp-block-file--media-344782b2-7ff7-41a4-bb78-98f326c58bcd\" href=\"https:\/\/www.sindikat-osoks90.si\/wp-content\/uploads\/2022\/05\/Prirocnik-Delovnopravna-zakonodaja-socialnega-dialoga-in-kolektivna-dogovarjanja.pdf\">Prirocnik &#8211; Delovnopravna zakonodaja socialnega dialoga in kolektivna dogovarjanja<\/a><\/div>\n\n\n\n<hr class=\"wp-block-separator has-alpha-channel-opacity\"\/>\n\n\n\n<p><strong>PRIRO\u010cNIK DELO OD DOMA<\/strong><\/p>\n\n\n<p><em>V okviru projekta Socialni partner za socialni dialog III \u2013 Fleksibilen di@log je nastal tudi priro\u010dnik &#8220;Delo od doma&#8221;, ki je dostopen v prilo\u017eeni datoteki:<\/em><\/p>\n\n\n<div class=\"wp-block-file\"><a id=\"wp-block-file--media-b6aacbef-eb28-4c63-a047-07160e83ce92\" href=\"https:\/\/www.sindikat-osoks90.si\/wp-content\/uploads\/2022\/11\/prirocnik_delo-od-doma-1.pdf\">Priro\u010dnik &#8211; Delo od doma<\/a><\/div>\n","protected":false},"excerpt":{"rendered":"<p>PRIRO\u010cNIK DELOVNOPRAVNA ZAKONODAJA SOCIALNEGA DIALOGA IN KOLEKTIVNA DOGOVARJANJA Priro\u010dnik &#8220;Delovnopravna zakonodaja socialnega dialoga in kolektivna dogovarjanja&#8221; je vodilni partner Konfederacija sindikatov 90 Slovenije pripravil v okviru projekta Socialni partner za &#8230;<\/p>\n","protected":false},"author":1,"featured_media":0,"parent":0,"menu_order":0,"comment_status":"closed","ping_status":"closed","template":"","meta":{"ngg_post_thumbnail":0,"footnotes":""},"class_list":["post-2331","page","type-page","status-publish","hentry"],"_links":{"self":[{"href":"https:\/\/www.sindikat-osoks90.si\/index.php?rest_route=\/wp\/v2\/pages\/2331","targetHints":{"allow":["GET"]}}],"collection":[{"href":"https:\/\/www.sindikat-osoks90.si\/index.php?rest_route=\/wp\/v2\/pages"}],"about":[{"href":"https:\/\/www.sindikat-osoks90.si\/index.php?rest_route=\/wp\/v2\/types\/page"}],"author":[{"embeddable":true,"href":"https:\/\/www.sindikat-osoks90.si\/index.php?rest_route=\/wp\/v2\/users\/1"}],"replies":[{"embeddable":true,"href":"https:\/\/www.sindikat-osoks90.si\/index.php?rest_route=%2Fwp%2Fv2%2Fcomments&post=2331"}],"version-history":[{"count":19,"href":"https:\/\/www.sindikat-osoks90.si\/index.php?rest_route=\/wp\/v2\/pages\/2331\/revisions"}],"predecessor-version":[{"id":2485,"href":"https:\/\/www.sindikat-osoks90.si\/index.php?rest_route=\/wp\/v2\/pages\/2331\/revisions\/2485"}],"wp:attachment":[{"href":"https:\/\/www.sindikat-osoks90.si\/index.php?rest_route=%2Fwp%2Fv2%2Fmedia&parent=2331"}],"curies":[{"name":"wp","href":"https:\/\/api.w.org\/{rel}","templated":true}]}}